{"id":192,"date":"2011-06-13T18:09:34","date_gmt":"2011-06-13T18:09:34","guid":{"rendered":"http:\/\/www.sm.myslowice.pl\/?page_id=192"},"modified":"2011-06-13T18:09:34","modified_gmt":"2011-06-13T18:09:34","slug":"posesje","status":"publish","type":"page","link":"https:\/\/archiwum.sm.myslowice.pl\/?page_id=192","title":{"rendered":"POSESJE"},"content":{"rendered":"<h1>Obowi\u0105zki w\u0142a\u015bcicieli posesji<\/h1>\n<hr \/>\n<h2>Utrzymanie czysto\u015bci i porz\u0105dku<\/h2>\n<p>Reguluje <strong>ustawa z dnia 13 wrze\u015bnia 1996 r.\u00a0 o utrzymaniu czysto\u015bci i porz\u0105dku w gminach<\/strong> (Dz. U. Nr 132, poz 622 ze zmianami) okre\u015bla obowi\u0105zki w\u0142a\u015bcicieli nieruchomo\u015bci:<br \/>\nArt. 5 [Zakres obowi\u0105zk\u00f3w w\u0142a\u015bcicieli]<br \/>\n1. W\u0142a\u015bciciele nieruchomo\u015bci zapewniaj\u0105 utrzymanie czysto\u015bci i porz\u0105dku przez:<br \/>\n<strong>1) <\/strong>wyposa\u017cenie nieruchomo\u015bci w pojemniki s\u0142u\u017c\u0105ce do zbierania odpad\u00f3w komunalnych oraz utrzymywanie tych pojemnik\u00f3w w odpowiednim stanie sanitarnym, porz\u0105dkowym i technicznym, chyba \u017ce na mocy uchwa\u0142y rady gminy, o kt\u00f3rej mowa w art. 6r ust. 3, obowi\u0105zki te przejmie gmina jako cz\u0119\u015b\u0107 us\u0142ugi w zakresie odbierania odpad\u00f3w komunalnych od w\u0142a\u015bcicieli nieruchomo\u015bci w zamian za uiszczon\u0105 przez w\u0142a\u015bciciela op\u0142at\u0119 za gospodarowanie odpadami komunalnymi;<br \/>\n<strong>2) <\/strong>\u00a0przy\u0142\u0105czenie nieruchomo\u015bci do istniej\u0105cej sieci kanalizacyjnej lub, w przypadku gdy budowa sieci kanalizacyjnej jest technicznie lub ekonomicznie nieuzasadniona, wyposa\u017cenie nieruchomo\u015bci w zbiornik bezodp\u0142ywowy nieczysto\u015bci ciek\u0142ych lub w przydomow\u0105 oczyszczalni\u0119 \u015bciek\u00f3w bytowych, spe\u0142niaj\u0105ce wymagania okre\u015blone w przepisach odr\u0119bnych; przy\u0142\u0105czenie nieruchomo\u015bci do sieci kanalizacyjnej nie jest obowi\u0105zkowe, je\u017celi nieruchomo\u015b\u0107 jest wyposa\u017cona w przydomow\u0105 oczyszczalni\u0119 \u015bciek\u00f3w spe\u0142niaj\u0105c\u0105 wymagania okre\u015blone w przepisach odr\u0119bnych;<br \/>\n<strong>3) <\/strong>\u00a0zbieranie powsta\u0142ych na terenie nieruchomo\u015bci odpad\u00f3w komunalnych zgodnie z wymaganiami okre\u015blonymi w regulaminie;<br \/>\n<strong>3a) <\/strong>\u00a0gromadzenie nieczysto\u015bci ciek\u0142ych w zbiornikach bezodp\u0142ywowych;<br \/>\n<strong>3b) <\/strong>\u00a0pozbywanie si\u0119 zebranych na terenie nieruchomo\u015bci odpad\u00f3w komunalnych oraz nieczysto\u015bci ciek\u0142ych w spos\u00f3b zgodny z przepisami ustawy i przepisami odr\u0119bnymi;<br \/>\n<figure style=\"width: 324px\" class=\"wp-caption alignright\"><img decoding=\"async\" loading=\"lazy\" class=\" \" src=\"http:\/\/www.archiwum.sm.myslowice.pl\/foto\/foto16.jpg\" alt=\"To nie jest w\u0142a\u015bciwy spos\u00f3b pozbywania si\u0119 gruzu podczas remontu mieszkania\" width=\"324\" height=\"243\" \/><figcaption class=\"wp-caption-text\">Fot. To nie jest w\u0142a\u015bciwy spos\u00f3b pozbywania si\u0119 gruzu podczas remontu mieszkania<\/figcaption><\/figure><br \/>\n&nbsp;<br \/>\n<strong>4) <\/strong>\u00a0uprz\u0105tni\u0119cie b\u0142ota, \u015bniegu, lodu i innych zanieczyszcze\u0144 z chodnik\u00f3w po\u0142o\u017conych wzd\u0142u\u017c nieruchomo\u015bci, przy czym za taki chodnik uznaje si\u0119 wydzielon\u0105 cz\u0119\u015b\u0107 drogi publicznej s\u0142u\u017c\u0105c\u0105 dla ruchu pieszego po\u0142o\u017con\u0105 bezpo\u015brednio przy granicy nieruchomo\u015bci; w\u0142a\u015bciciel nieruchomo\u015bci nie jest obowi\u0105zany do uprz\u0105tni\u0119cia chodnika, na kt\u00f3rym jest dopuszczony p\u0142atny post\u00f3j lub parkowanie pojazd\u00f3w samochodowych;<br \/>\n<strong>5) <\/strong>\u00a0realizacj\u0119 innych obowi\u0105zk\u00f3w okre\u015blonych w regulaminie.<br \/>\n2. Wykonywanie obowi\u0105zk\u00f3w, o kt\u00f3rych mowa w ust. 1, na terenie budowy nale\u017cy do wykonawcy rob\u00f3t budowlanych.<br \/>\n3. Uprz\u0105tni\u0119cie i pozbycie si\u0119 b\u0142ota, \u015bniegu, lodu i innych zanieczyszcze\u0144 z wydzielonych kraw\u0119\u017cnikiem lub oznakowaniem poziomym torowisk pojazd\u00f3w szynowych, znajduj\u0105cych si\u0119 na terenie gminy, nale\u017cy do obowi\u0105zk\u00f3w przedsi\u0119biorc\u00f3w u\u017cytkuj\u0105cych te torowiska.<br \/>\n4. Obowi\u0105zki utrzymania czysto\u015bci i porz\u0105dku na drogach publicznych nale\u017c\u0105 do zarz\u0105du drogi. Do obowi\u0105zk\u00f3w zarz\u0105du drogi nale\u017cy tak\u017ce:<br \/>\n<strong>1) <\/strong>\u00a0zbieranie i pozbywanie si\u0119 odpad\u00f3w zgromadzonych w pojemnikach do tego przeznaczonych i utrzymanie tych pojemnik\u00f3w w odpowiednim stanie sanitarnym, porz\u0105dkowym i technicznym;<br \/>\n<strong>2) <\/strong>\u00a0pozbycie si\u0119 b\u0142ota, \u015bniegu, lodu i innych zanieczyszcze\u0144 uprz\u0105tni\u0119tych z chodnik\u00f3w przez w\u0142a\u015bcicieli nieruchomo\u015bci przyleg\u0142ych do drogi publicznej;<br \/>\n<strong>3) <\/strong>\u00a0uprz\u0105tni\u0119cie i pozbycie si\u0119 b\u0142ota, \u015bniegu, lodu i innych zanieczyszcze\u0144 z chodnik\u00f3w, je\u017celi zarz\u0105d drogi pobiera op\u0142aty z tytu\u0142u postoju lub parkowania pojazd\u00f3w samochodowych na takim chodniku.<br \/>\n5. Obowi\u0105zki utrzymania czysto\u015bci i porz\u0105dku na terenach innych ni\u017c wymienione w ust. 1-4 nale\u017c\u0105 do gminy. Do obowi\u0105zk\u00f3w gminy nale\u017cy tak\u017ce uprz\u0105tni\u0119cie i pozbycie si\u0119 b\u0142ota, \u015bniegu, lodu i innych zanieczyszcze\u0144 z chodnik\u00f3w, je\u017celi gmina pobiera op\u0142aty z tytu\u0142u postoju lub parkowania pojazd\u00f3w samochodowych na takim chodniku, oraz zbieranie i pozbycie si\u0119 odpad\u00f3w zgromadzonych w pojemnikach do tego przeznaczonych umieszczonych na tym chodniku i utrzymanie tych pojemnik\u00f3w w odpowiednim stanie sanitarnym, porz\u0105dkowym i technicznym.<br \/>\n6. Nadz\u00f3r nad realizacj\u0105 obowi\u0105zk\u00f3w okre\u015blonych w ust. 1-4 sprawuje w\u00f3jt, burmistrz lub prezydent miasta.<br \/>\n<figure style=\"width: 360px\" class=\"wp-caption alignright\"><img decoding=\"async\" loading=\"lazy\" src=\"http:\/\/www.archiwum.sm.myslowice.pl\/foto\/foto40.jpg\" alt=\"Stra\u017cnicy prowadz\u0105 czynno\u015bci s\u0142u\u017cbowe pozwalaj\u0105ce ustali\u0107 sprawc\u0119 wykroczenia polegaj\u0105cego na wyrzuceniu odpad\u00f3w na tereny le\u015bne\" width=\"360\" height=\"270\" \/><figcaption class=\"wp-caption-text\">Fot. Stra\u017cnicy prowadz\u0105 czynno\u015bci s\u0142u\u017cbowe pozwalaj\u0105ce ustali\u0107 sprawc\u0119 wykroczenia polegaj\u0105cego na wyrzuceniu odpad\u00f3w na tereny le\u015bne<\/figcaption><\/figure><br \/>\n&nbsp;<br \/>\n7. W przypadku stwierdzenia niewykonania obowi\u0105zk\u00f3w, o kt\u00f3rych mowa w ust. 1-4, w\u00f3jt (burmistrz, prezydent miasta) wydaje decyzj\u0119 nakazuj\u0105c\u0105 wykonanie obowi\u0105zku.<br \/>\n8. Ust. 7 nie dotyczy obowi\u0105zk\u00f3w, o kt\u00f3rych mowa w ust. 1 pkt 3-3b.<br \/>\n9. Wykonywanie decyzji, o kt\u00f3rej mowa w ust. 7, podlega egzekucji w trybie przepis\u00f3w ustawy z dnia 17 czerwca 1966 r. o post\u0119powaniu egzekucyjnym w administracji (Dz.U. z 2005 r. Nr 229, poz. 1954, z p\u00f3\u017an. zm.8)).<br \/>\n<strong>Art. 6 [Rozwini\u0119cie] <\/strong>1. W\u0142a\u015bciciele nieruchomo\u015bci, kt\u00f3rzy pozbywaj\u0105 si\u0119 z terenu nieruchomo\u015bci nieczysto\u015bci ciek\u0142ych, oraz w\u0142a\u015bciciele nieruchomo\u015bci, kt\u00f3rzy nie s\u0105 obowi\u0105zani do ponoszenia op\u0142at za gospodarowanie odpadami komunalnymi na rzecz gminy, wykonuj\u0105c obowi\u0105zek okre\u015blony w art. 5 ust. 1 pkt 3b, s\u0105 obowi\u0105zani do udokumentowania w formie umowy korzystania z us\u0142ug wykonywanych przez:<br \/>\n<strong>1) <\/strong>\u00a0gminn\u0105 jednostk\u0119 organizacyjn\u0105 lub przedsi\u0119biorc\u0119 posiadaj\u0105cego zezwolenie na prowadzenie dzia\u0142alno\u015bci w zakresie opr\u00f3\u017cniania zbiornik\u00f3w bezodp\u0142ywowych i transportu nieczysto\u015bci ciek\u0142ych lub<br \/>\n<strong>2) <\/strong>\u00a0gminn\u0105 jednostk\u0119 organizacyjn\u0105 lub przedsi\u0119biorc\u0119 odbieraj\u0105cego odpady komunalne od w\u0142a\u015bcicieli nieruchomo\u015bci, wpisanego do rejestru dzia\u0142alno\u015bci regulowanej, o kt\u00f3rym mowa w art. 9b ust. 2 <strong>\u00a0&#8211; przez okazanie takich um\u00f3w i dowod\u00f3w uiszczania op\u0142at za te us\u0142ugi.<\/strong><\/p>\n<p style=\"text-align: justify;\">Wraz z ustaw\u0105 obowi\u0105zuje <a href=\"http:\/\/www.archiwum.sm.myslowice.pl\/wp-content\/uploads\/2014\/10\/uchw_684_12-w-sprawie-regulaminu-utrzymania-czysto\u015bci-i-porz\u0105dku-na-terenie-m-M-ce.pdf\"><span style=\"color: #0000ff;\"><span style=\"color: #0000ff;\">Uchwa\u0142a Nr VII\/92\/15 Rady Miasta Mys\u0142owice z dn. 26 marca 2015 r. w sprawie regulaminu utrzymania czysto\u015bci i porz\u0105dku na terenie miasta Mys\u0142owice<\/span><\/span><\/a><\/p>\n<p>&nbsp;<\/p>\n<hr \/>\n<h4><\/h4>\n<h4 style=\"text-align: center;\"><strong>Mys\u0142owice dnia 20 czerwca 2017 r.<\/strong><\/h4>\n<hr \/>\n<h4 style=\"text-align: center;\">\nNOWE ZASADY WYCINKI DRZEW ROSN\u0104CYCH NA GRUNTACH OS\u00d3B FIZYCZNYCH<\/h4>\n<p>USTAWA<br \/>\nz dnia 11 maja 2017 r.<br \/>\no zmianie ustawy o ochronie przyrody<br \/>\nArt. 1. W ustawie z dnia 16 kwietnia 2004 r. o ochronie przyrody (Dz. U. z 2016 r. poz. 2134, 2249 i 2260 oraz z 2017 r. poz. 60 i 132) wprowadza si\u0119 nast\u0119puj\u0105ce zmiany:<br \/>\n1) w art. 40 ust. 3 otrzymuje brzmienie:<br \/>\n\u201e3. Minister w\u0142a\u015bciwy do spraw \u015brodowiska okre\u015bli, w drodze rozporz\u0105dzenia, kryteria uznawania twor\u00f3w przyrody \u017cywej i nieo\u017cywionej za pomniki przyrody, kieruj\u0105c si\u0119 potrzeb\u0105 ochrony drzew i krzew\u00f3w ze wzgl\u0119du na ich wielko\u015b\u0107, wiek, pokr\u00f3j i znaczenie historyczne, a odno\u015bnie twor\u00f3w przyrody nieo\u017cywionej \u2013 ze wzgl\u0119du na ich znaczenie naukowe, estetyczne i krajobrazowe.\u201d;<br \/>\n2) w art. 83a:<br \/>\na) dodaje si\u0119 ust. 2a w brzmieniu:<br \/>\n\u201e2a. Zezwolenie na usuni\u0119cie drzewa w pasie drogowym drogi publicznej, z wy\u0142\u0105czeniem obcych gatunk\u00f3w topoli, wydaje si\u0119 po uzgodnieniu z regionalnym dyrektorem ochrony \u015brodowiska.\u201d,<br \/>\nb) ust. 4 otrzymuje brzmienie:<br \/>\n\u201e4. Organ w\u0142a\u015bciwy do wydania zezwolenia, o kt\u00f3rym mowa w ust. 2a i 3, niezw\u0142ocznie przekazuje do uzgodnienia projekt zezwolenia wraz z aktami sprawy, w tym dokumentacj\u0119 fotograficzn\u0105 drzewa lub krzewu.\u201d,<br \/>\nc) ust. 6 otrzymuje brzmienie:<br \/>\n\u201e6. Niewyra\u017cenie stanowiska w terminie 30 dni, a w przypadku przeprowadzenia post\u0119powania wyja\u015bniaj\u0105cego \u2013 60 dni, od dnia otrzymania projektu zezwolenia, o kt\u00f3rym mowa w ust. 2a i 3, przez organ, do kt\u00f3rego zwr\u00f3cono si\u0119 o zaj\u0119cie stanowiska, uznaje si\u0119 za uzgodnienie zezwolenia.\u201d;<br \/>\n3) w art. 83f:<br \/>\na) w ust. 1 pkt 3 otrzymuje brzmienie:<br \/>\n\u201e3) drzew, kt\u00f3rych obw\u00f3d pnia na wysoko\u015bci 5 cm nie przekracza:<br \/>\na) 80 cm \u2013 w przypadku topoli, wierzb, klonu jesionolistnego oraz klonu srebrzystego,<br \/>\nb) 65 cm \u2013 w przypadku kasztanowca zwyczajnego, robinii akacjowej oraz platanu klonolistnego,<br \/>\nc) 50 cm \u2013 w przypadku pozosta\u0142ych gatunk\u00f3w drzew;\u201d,<br \/>\nb) uchyla si\u0119 ust. 1a i 1b,<br \/>\nc) dodaje si\u0119 ust. 4\u201320 w brzmieniu:<br \/>\n\u201e4. W przypadku, o kt\u00f3rym mowa w ust. 1 pkt 3a, w\u0142a\u015bciciel nieruchomo\u015bci jest obowi\u0105zany dokona\u0107 zg\u0142oszenia do organu, o kt\u00f3rym mowa w art. 83a ust. 1, zamiaru usuni\u0119cia drzewa, je\u017celi obw\u00f3d pnia drzewa mierzonego na wysoko\u015bci 5 cm przekracza:<br \/>\n1) 80 cm \u2013 w przypadku topoli, wierzb, klonu jesionolistnego oraz klonu srebrzystego;<br \/>\n2) 65 cm \u2013 w przypadku kasztanowca zwyczajnego, robinii akacjowej oraz platanu klonolistnego;<br \/>\n3) 50 cm \u2013 w przypadku pozosta\u0142ych gatunk\u00f3w drzew.<br \/>\n5. Zg\u0142oszenie, o kt\u00f3rym mowa w ust. 4, zawiera imi\u0119 i nazwisko wnioskodawcy, oznaczenie nieruchomo\u015bci, z kt\u00f3rej drzewo ma by\u0107 usuni\u0119te, oraz rysunek albo mapk\u0119 okre\u015blaj\u0105c\u0105 usytuowanie drzewa na nieruchomo\u015bci.<br \/>\n6. Organ, o kt\u00f3rym mowa w art. 83a ust. 1, w terminie 21 dni od dnia dor\u0119czenia zg\u0142oszenia dokonuje ogl\u0119dzin w celu ustalenia, odpowiednio:<br \/>\n1) nazwy gatunku drzewa;<br \/>\n2) obwodu pnia ustalonego na wysoko\u015bci 5 cm, a w przypadku gdy na tej wysoko\u015bci drzewo:<br \/>\na) posiada kilka pni \u2013 obwodu ka\u017cdego z tych pni,<br \/>\nb) nie posiada pnia \u2013 obwodu pnia poni\u017cej korony drzewa.<br \/>\n7. Z ogl\u0119dzin sporz\u0105dza si\u0119 protok\u00f3\u0142.<br \/>\n8. Po dokonaniu ogl\u0119dzin organ, o kt\u00f3rym mowa w art. 83a ust. 1, w terminie 14 dni od dnia ogl\u0119dzin mo\u017ce, w drodze decyzji administracyjnej, wnie\u015b\u0107 sprzeciw. Usuni\u0119cie drzewa mo\u017ce nast\u0105pi\u0107, je\u017celi organ nie wni\u00f3s\u0142 sprzeciwu w tym terminie.<br \/>\n9. W przypadku gdy zg\u0142oszenie nie zawiera wszystkich element\u00f3w wskazanych w ust. 5, w\u0142a\u015bciwy organ, w drodze postanowienia, nak\u0142ada obowi\u0105zek uzupe\u0142nienia zg\u0142oszenia w terminie 7 dni.<br \/>\n10. Na\u0142o\u017cenie obowi\u0105zku, o kt\u00f3rym mowa w ust. 9, przerywa bieg terminu, o kt\u00f3rym mowa w ust. 8.<br \/>\n11. Za dzie\u0144 wniesienia sprzeciwu uznaje si\u0119 dzie\u0144 nadania decyzji administracyjnej w plac\u00f3wce pocztowej operatora wyznaczonego w rozumieniu art. 3 pkt 13 ustawy z dnia 23 listopada 2012 r. \u2013 Prawo pocztowe (Dz. U. z 2016 r. poz. 1113, 1250, 1823 i 1948) albo w przypadku, o kt\u00f3rym mowa w art. 391 ustawy z dnia 14 czerwca 1960 r. \u2013 Kodeks post\u0119powania administracyjnego, dzie\u0144 wprowadzenia do systemu teleinformatycznego.<br \/>\n12. Organ, o kt\u00f3rym mowa w art. 83a ust. 1, mo\u017ce przed up\u0142ywem terminu, o kt\u00f3rym mowa w ust. 8, wyda\u0107 za\u015bwiadczenie o braku podstaw do wniesienia sprzeciwu. Wydanie za\u015bwiadczenia wy\u0142\u0105cza mo\u017cliwo\u015b\u0107 wniesienia sprzeciwu, o kt\u00f3rym mowa w ust. 8, oraz uprawnia do usuni\u0119cia drzewa.<br \/>\n13. W przypadku nieusuni\u0119cia drzewa przed up\u0142ywem 6 miesi\u0119cy od przeprowadzonych ogl\u0119dzin usuni\u0119cie drzewa mo\u017ce nast\u0105pi\u0107 po dokonaniu ponownego zg\u0142oszenia, o kt\u00f3rym mowa w ust. 4.<br \/>\n14. Organ, o kt\u00f3rym mowa w art. 83a ust. 1, mo\u017ce wnie\u015b\u0107 sprzeciw w przypadku:<br \/>\n1) lokalizacji drzewa:<br \/>\na) na nieruchomo\u015bci wpisanej do rejestru zabytk\u00f3w,<br \/>\nb) na terenie przeznaczonym w miejscowym planie zagospodarowania przestrzennego na ziele\u0144 lub chronionym innymi zapisami miejscowego planu zagospodarowania przestrzennego,<br \/>\nc) na terenach obj\u0119tych formami ochrony przyrody, o kt\u00f3rych mowa w art. 6 ust. 1 pkt 1\u20135;<br \/>\n2) spe\u0142nienia przez drzewo kryteri\u00f3w, o kt\u00f3rych mowa w przepisach wydanych na podstawie art. 40 ust. 3.<br \/>\n15. Organ, o kt\u00f3rym mowa w art. 83a ust.1, wnosi sprzeciw:<br \/>\n1) je\u017celi zg\u0142oszenie dotyczy usuni\u0119cia drzewa obj\u0119tego obowi\u0105zkiem uzyskania zezwolenia na usuni\u0119cie;<br \/>\n2) w przypadku nieuzupe\u0142nienia zg\u0142oszenia w trybie okre\u015blonym w ust. 9.<br \/>\n16. Wydanie ostatecznej decyzji administracyjnej, o kt\u00f3rej mowa w ust. 8, stanowi podstaw\u0119 wyst\u0105pienia z wnioskiem o wydanie zezwolenia, o kt\u00f3rym mowa w art. 83 ust. 1; do zezwolenia nie stosuje si\u0119 art. 84 ust. 1.<br \/>\n17. Je\u017celi w terminie 5 lat od dokonania ogl\u0119dzin wyst\u0105piono o wydanie decyzji o pozwolenie na budow\u0119 na podstawie ustawy z dnia 7 lipca 1994 r. \u2013 Prawo budowlane, a budowa ta ma zwi\u0105zek z prowadzeniem dzia\u0142alno\u015bci gospodarczej i b\u0119dzie realizowana na cz\u0119\u015bci nieruchomo\u015bci, na kt\u00f3rej ros\u0142o usuni\u0119te drzewo, organ, o kt\u00f3rym mowa w art. 83a ust. 1, uwzgl\u0119dniaj\u0105c dane ustalone na podstawie ogl\u0119dzin, nak\u0142ada na w\u0142a\u015bciciela nieruchomo\u015bci, w drodze decyzji administracyjnej, obowi\u0105zek uiszczenia op\u0142aty za usuni\u0119cie drzewa.<br \/>\n18. Op\u0142ata, o kt\u00f3rej mowa w ust. 17, jest pobierana przez organ, o kt\u00f3rym mowa w art. 83a ust. 1. Przepisy art. 85 i art. 87 stosuje si\u0119 odpowiednio.<br \/>\n19. Organ, o kt\u00f3rym mowa w art. 83a ust. 1, udost\u0119pnia protok\u00f3\u0142 ogl\u0119dzin, o kt\u00f3rym mowa w ust. 7.<br \/>\n20. Organ, o kt\u00f3rym mowa w art. 83a ust. 1, sprawuje kontrol\u0119 przestrzegania i stosowania przepis\u00f3w rozdzia\u0142u 4. Do kontroli stosuje si\u0119 odpowiednio art. 379 i art. 380 ustawy z dnia 27 kwietnia 2001 r. \u2013 Prawo ochrony \u015brodowiska.\u201d;<br \/>\n4) w art. 85:<br \/>\na) uchyla si\u0119 ust. 4a,<br \/>\nb) dodaje si\u0119 ust. 4b w brzmieniu:<br \/>\n\u201e4b. Minister w\u0142a\u015bciwy do spraw \u015brodowiska okre\u015bla, w drodze rozporz\u0105dzenia, wysoko\u015b\u0107 stawek op\u0142at, o kt\u00f3rych mowa w ust. 1 i 3, r\u00f3\u017cnicuj\u0105c je ze wzgl\u0119du na:<br \/>\n1) rodzaj lub gatunek drzew lub krzew\u00f3w;<br \/>\n2) obw\u00f3d pnia drzewa lub powierzchni\u0119 krzewu albo krzew\u00f3w rosn\u0105cych w skupisku.\u201d,<br \/>\nc) ust 7 otrzymuje brzmienie:<br \/>\n\u201e7. W przypadku gdy minister w\u0142a\u015bciwy do spraw \u015brodowiska nie okre\u015bli zgodnie z ust. 4b wysoko\u015bci stawek op\u0142at, o kt\u00f3rych mowa w ust. 1 i 3, do ustalania op\u0142aty za usuni\u0119cie drzewa lub krzewu stosuje si\u0119 maksymalne stawki, o kt\u00f3rych mowa w ust. 5 i 6.\u201d,<br \/>\nd) uchyla si\u0119 ust. 8 i 9;<br \/>\n5) w art. 86 uchyla si\u0119 ust. 1a;<br \/>\n6) w art. 88:<br \/>\na) w ust. 1 w pkt 4 kropk\u0119 zast\u0119puje si\u0119 \u015brednikiem i dodaje si\u0119 pkt 5 i 6 w brzmieniu:<br \/>\n\u201e5) usuni\u0119cie drzewa pomimo sprzeciwu organu, o kt\u00f3rym mowa w art. 83f ust. 8, i bez zezwolenia, o kt\u00f3rym mowa w art. 83f ust. 16;<br \/>\n6) usuni\u0119cie drzewa bez dokonania zg\u0142oszenia, o kt\u00f3rym mowa w art. 83f ust. 4, lub przed up\u0142ywem terminu, o kt\u00f3rym mowa w art. 83f ust. 8.\u201d,<br \/>\nb) ust. 10 otrzymuje brzmienie:<br \/>\n\u201e10. Przepisu ust. 1 nie stosuje si\u0119 do drzew i krzew\u00f3w, o kt\u00f3rych mowa w art. 83f ust. 1 pkt 1\u20133 i 3b\u201315.\u201d;<br \/>\n7) w art. 89 ust. 1 otrzymuje brzmienie:<br \/>\n\u201e1. Administracyjn\u0105 kar\u0119 pieni\u0119\u017cn\u0105, o kt\u00f3rej mowa w art. 88 ust. 1 pkt 1\u20133, 5 i 6, ustala si\u0119 w wysoko\u015bci dwukrotnej op\u0142aty za usuni\u0119cie drzewa lub krzewu, o kt\u00f3rej mowa w art. 84 ust. 1, a w przypadku, w kt\u00f3rym usuni\u0119cie drzewa lub krzewu jest zwolnione z obowi\u0105zku uiszczenia op\u0142aty, administracyjn\u0105 kar\u0119 pieni\u0119\u017cn\u0105 ustala si\u0119 w wysoko\u015bci takiej op\u0142aty, kt\u00f3ra by\u0142aby ponoszona gdyby takiego zwolnienia nie by\u0142o.\u201d.<br \/>\nArt. 2. 1. Minister w\u0142a\u015bciwy do spraw \u015brodowiska wyda rozporz\u0105dzenie, o kt\u00f3rym mowa w art. 40 ust. 3 ustawy, o kt\u00f3rej mowa w art. 1, w brzmieniu nadanym niniejsz\u0105 ustaw\u0105, nie p\u00f3\u017aniej ni\u017c w terminie 6 miesi\u0119cy od dnia wej\u015bcia w \u017cycie niniejszej ustawy.<br \/>\n2. Minister w\u0142a\u015bciwy do spraw \u015brodowiska wyda rozporz\u0105dzenie, o kt\u00f3rym mowa w art. 85 ust. 4b ustawy, o kt\u00f3rej mowa w art. 1, w brzmieniu nadanym niniejsz\u0105 ustaw\u0105, nie p\u00f3\u017aniej ni\u017c w terminie 1 miesi\u0105ca od dnia wej\u015bcia w \u017cycie niniejszej ustawy.<br \/>\nArt. 3. Ustawa wchodzi w \u017cycie po up\u0142ywie 14 dni od dnia og\u0142oszenia z wyj\u0105tkiem art. 1 pkt 3 lit. c w zakresie art. 83f ust.14 pkt 2, kt\u00f3ry wchodzi w \u017cycie z dniem wej\u015bcia w \u017cycie rozporz\u0105dzenia, o kt\u00f3rym mowa w art. 40 ust. 3 ustawy, o kt\u00f3rej mowa w art. 1, w brzmieniu nadanym niniejsz\u0105 ustaw\u0105.<br \/>\nMARSZA\u0141EK SEJMU Marek Kuchci\u0144ski<\/p>\n","protected":false},"excerpt":{"rendered":"<p>Obowi\u0105zki w\u0142a\u015bcicieli posesji Utrzymanie czysto\u015bci i porz\u0105dku Reguluje ustawa z dnia 13 wrze\u015bnia 1996 r.\u00a0 o utrzymaniu czysto\u015bci i porz\u0105dku w gminach (Dz. U. Nr 132, poz 622 ze zmianami) okre\u015bla obowi\u0105zki w\u0142a\u015bcicieli nieruchomo\u015bci: Art. 5 [Zakres obowi\u0105zk\u00f3w w\u0142a\u015bcicieli] 1. W\u0142a\u015bciciele nieruchomo\u015bci zapewniaj\u0105 utrzymanie czysto\u015bci i porz\u0105dku przez: 1) wyposa\u017cenie nieruchomo\u015bci w pojemniki s\u0142u\u017c\u0105ce do [&hellip;]<\/p>\n","protected":false},"author":1,"featured_media":0,"parent":30,"menu_order":0,"comment_status":"closed","ping_status":"closed","template":"onecolumn-page.php","meta":[],"_links":{"self":[{"href":"https:\/\/archiwum.sm.myslowice.pl\/index.php?rest_route=\/wp\/v2\/pages\/192"}],"collection":[{"href":"https:\/\/archiwum.sm.myslowice.pl\/index.php?rest_route=\/wp\/v2\/pages"}],"about":[{"href":"https:\/\/archiwum.sm.myslowice.pl\/index.php?rest_route=\/wp\/v2\/types\/page"}],"author":[{"embeddable":true,"href":"https:\/\/archiwum.sm.myslowice.pl\/index.php?rest_route=\/wp\/v2\/users\/1"}],"replies":[{"embeddable":true,"href":"https:\/\/archiwum.sm.myslowice.pl\/index.php?rest_route=%2Fwp%2Fv2%2Fcomments&post=192"}],"version-history":[{"count":0,"href":"https:\/\/archiwum.sm.myslowice.pl\/index.php?rest_route=\/wp\/v2\/pages\/192\/revisions"}],"up":[{"embeddable":true,"href":"https:\/\/archiwum.sm.myslowice.pl\/index.php?rest_route=\/wp\/v2\/pages\/30"}],"wp:attachment":[{"href":"https:\/\/archiwum.sm.myslowice.pl\/index.php?rest_route=%2Fwp%2Fv2%2Fmedia&parent=192"}],"curies":[{"name":"wp","href":"https:\/\/api.w.org\/{rel}","templated":true}]}}