{"id":13692,"date":"2018-02-13T10:24:56","date_gmt":"2018-02-13T09:24:56","guid":{"rendered":"http:\/\/www.sm.myslowice.pl\/?page_id=13692"},"modified":"2018-02-13T10:24:56","modified_gmt":"2018-02-13T09:24:56","slug":"pazdziernik-2017","status":"publish","type":"page","link":"https:\/\/archiwum.sm.myslowice.pl\/?page_id=13692","title":{"rendered":"Pa\u017adziernik 2017"},"content":{"rendered":"<p>Poni\u017cej prezentujemy sprawozdanie z dzia\u0142alno\u015bci Stra\u017cy Miejskiej Mys\u0142owice za X 2017<br \/>\n<a href=\"http:\/\/www.archiwum.sm.myslowice.pl\/wp-content\/uploads\/2018\/02\/spr.-PA\u0179DZIERNIK-2017.pdf\">Sprawozdanie PA\u0179DZIERNIK 2017<\/a><\/p>\n","protected":false},"excerpt":{"rendered":"<p>Poni\u017cej prezentujemy sprawozdanie z dzia\u0142alno\u015bci Stra\u017cy Miejskiej Mys\u0142owice za X 2017 Sprawozdanie PA\u0179DZIERNIK 2017<\/p>\n","protected":false},"author":1,"featured_media":0,"parent":12867,"menu_order":0,"comment_status":"closed","ping_status":"closed","template":"","meta":[],"_links":{"self":[{"href":"https:\/\/archiwum.sm.myslowice.pl\/index.php?rest_route=\/wp\/v2\/pages\/13692"}],"collection":[{"href":"https:\/\/archiwum.sm.myslowice.pl\/index.php?rest_route=\/wp\/v2\/pages"}],"about":[{"href":"https:\/\/archiwum.sm.myslowice.pl\/index.php?rest_route=\/wp\/v2\/types\/page"}],"author":[{"embeddable":true,"href":"https:\/\/archiwum.sm.myslowice.pl\/index.php?rest_route=\/wp\/v2\/users\/1"}],"replies":[{"embeddable":true,"href":"https:\/\/archiwum.sm.myslowice.pl\/index.php?rest_route=%2Fwp%2Fv2%2Fcomments&post=13692"}],"version-history":[{"count":0,"href":"https:\/\/archiwum.sm.myslowice.pl\/index.php?rest_route=\/wp\/v2\/pages\/13692\/revisions"}],"up":[{"embeddable":true,"href":"https:\/\/archiwum.sm.myslowice.pl\/index.php?rest_route=\/wp\/v2\/pages\/12867"}],"wp:attachment":[{"href":"https:\/\/archiwum.sm.myslowice.pl\/index.php?rest_route=%2Fwp%2Fv2%2Fmedia&parent=13692"}],"curies":[{"name":"wp","href":"https:\/\/api.w.org\/{rel}","templated":true}]}}