{"id":13632,"date":"2018-02-01T08:32:18","date_gmt":"2018-02-01T07:32:18","guid":{"rendered":"http:\/\/www.sm.myslowice.pl\/?page_id=13632"},"modified":"2018-02-01T08:32:18","modified_gmt":"2018-02-01T07:32:18","slug":"statystyka","status":"publish","type":"page","link":"https:\/\/archiwum.sm.myslowice.pl\/?page_id=13632","title":{"rendered":"Statystyka"},"content":{"rendered":"<p>Sprawozdania z dzia\u0142a\u0144 profilaktycznych:<br \/>\n<a href=\"http:\/\/www.archiwum.sm.myslowice.pl\/?page_id=13636&amp;preview=true\" target=\"_blank\" rel=\"noopener\">Stycze\u0144 2018<\/a><\/p>\n","protected":false},"excerpt":{"rendered":"<p>Sprawozdania z dzia\u0142a\u0144 profilaktycznych: Stycze\u0144 2018<\/p>\n","protected":false},"author":1,"featured_media":0,"parent":4059,"menu_order":0,"comment_status":"closed","ping_status":"closed","template":"","meta":[],"_links":{"self":[{"href":"https:\/\/archiwum.sm.myslowice.pl\/index.php?rest_route=\/wp\/v2\/pages\/13632"}],"collection":[{"href":"https:\/\/archiwum.sm.myslowice.pl\/index.php?rest_route=\/wp\/v2\/pages"}],"about":[{"href":"https:\/\/archiwum.sm.myslowice.pl\/index.php?rest_route=\/wp\/v2\/types\/page"}],"author":[{"embeddable":true,"href":"https:\/\/archiwum.sm.myslowice.pl\/index.php?rest_route=\/wp\/v2\/users\/1"}],"replies":[{"embeddable":true,"href":"https:\/\/archiwum.sm.myslowice.pl\/index.php?rest_route=%2Fwp%2Fv2%2Fcomments&post=13632"}],"version-history":[{"count":0,"href":"https:\/\/archiwum.sm.myslowice.pl\/index.php?rest_route=\/wp\/v2\/pages\/13632\/revisions"}],"up":[{"embeddable":true,"href":"https:\/\/archiwum.sm.myslowice.pl\/index.php?rest_route=\/wp\/v2\/pages\/4059"}],"wp:attachment":[{"href":"https:\/\/archiwum.sm.myslowice.pl\/index.php?rest_route=%2Fwp%2Fv2%2Fmedia&parent=13632"}],"curies":[{"name":"wp","href":"https:\/\/api.w.org\/{rel}","templated":true}]}}